*2 - 75*j + 320. Give l(5).
120
Let p(h) = -h**2 + 1557*h + 28355. Give p(-18).
5
Let g(p) = p**3 + 13*p**2 + 42*p - 10. What is g(-6)?
-10
Let p(z) = z**2 - 53*z - 201. Calculate p(54).
-147
Let i(r) = r**3 - 7*r**2 + 30*r - 79. Give i(4).
-7
Let k(l) = -4*l**2 - 37*l - 14. Calculate k(-9).
-5
Let w(i) = 3*i**2 - 61*i - 52. Calculate w(23).
132
Let m(w) = -4*w**3 + w**2 - 37*w - 83. Give m(-2).
27
Let i(b) = 1274*b - 13985. What is i(11)?
29
Let a(y) = -20*y**3 + 39*y**2 + 11*y - 14. What is a(2)?
4
Let z(g) = g**2 - 86*g + 1855. Determine z(42).
7
Let j(f) = -f**2 - 881*f + 45577. What is j(49)?
7
Let u(f) = -24*f**2 - 54*f - 240. Give u(-5).
-570
Let v(y) = y - 80. What is v(-6)?
-86
Let s(h) = -h**3 - 6*h**2 - 10*h + 2. What is s(-4)?
10
Let v(f) = f**3 - 9*f**2 - 17*f + 185. Give v(6).
-25
Let d(z) = -z**3 - 3*z**2 - 12*z + 71. Determine d(3).
-19
Let x(z) = 743*z + 2373. Determine x(-3).
144
Let n(r) = r**2 - 73*r + 568. Calculate n(11).
-114
Let m(l) = l**3 - l**2 - 20*l + 21. Give m(-5).
-29
Let s(p) = -159*p - 320. What is s(-2)?
-2
Let o(u) = -316*u + 85. Determine o(1).
-231
Let m(n) = -3*n**3 + 3*n**2 + 115*n - 233. Give m(2).
-15
Let q(i) = -i**2 - 96*i + 1657. Give q(-111).
-8
Let o(i) = 3*i**2 - 13*i - 4. Give o(7).
52
Let r(z) = -70*z + 4154. Calculate r(59).
24
Let t(o) = -2*o**3 - 41*o**2 - 56*o + 58. Determine t(-19).
39
Let g(u) = -u**3 - 19*u**2 + 266*u + 238. Determine g(10).
-2
Let o(z) = 4*z**2 + 22*z - 274. What is o(6)?
2
Let f(i) = i**2 - 147*i - 470. Give f(150).
-20
Let y(k) = k**3 - 15*k**2 + 9*k + 43. Determine y(14).
-27
Let q(y) = y**3 + 49*y**2 + 54*y + 263. Determine q(-48).
-25
Let i(w) = 2*w**2 - 26*w + 92. What is i(4)?
20
Let f(c) = -241*c**2 + 473*c + 17. Give f(2).
-1
Let t(z) = 400*z - 2799. Give t(7).
1
Let q(j) = -153*j + 7581. Calculate q(50).
-69
Let n(g) = 3*g - 30. Give n(-8).
-54
Let a(v) = -v**3 - 28*v**2 + 66*v + 186. Give a(-30).
6
Let u(m) = -m**3 + 40*m**2 - 54*m - 4237. What is u(35)?
-2
Let l(r) = -r**3 + 16*r**2 + 40*r - 31. Determine l(18).
41
Let y(r) = 85*r**3 + r**2 + r - 2. Give y(1).
85
Let p(d) = 2*d**3 - 225*d**2 - 85*d - 3163. What is p(113)?
1
Let t(y) = -y**3 + 6*y**2 + 52*y - 296. Calculate t(8).
-8
Let x(z) = -z**2 + 83*z - 1711. Determine x(38).
-1
Let c(x) = -9*x**2 - 157*x - 68. Give c(-17).
0
Let y(k) = k**2 + 60*k + 216. Calculate y(-58).
100
Let i(g) = g**2 + 262*g - 2730. What is i(10)?
-10
Let a(x) = x**3 - 36*x**2 - 4*x + 161. Give a(36).
17
Let j(p) = 18*p**2 - 59*p + 40. What is j(5)?
195
Let p(i) = -i**3 - i**2 + 36*i - 44. Give p(-7).
-2
Let k(j) = -6*j**3 + 325*j**2 - 61*j + 284. What is k(54)?
-94
Let k(h) = 11*h - 69. What is k(5)?
-14
Let f(w) = -w**3 + 6*w**2 - 9*w + 48. Determine f(6).
-6
Let d(j) = -219*j**2 + 215*j + 7. Calculate d(1).
3
Let g(b) = -2*b**2 - 171*b - 1818. Calculate g(-73).
7
Let q(s) = s**3 - 27*s**2 + 81*s + 107. What is q(23)?
-146
Let n(r) = -r**2 - 115*r + 3174. Calculate n(23).
0
Let h(b) = -3*b**2 - 53*b - 208. Give h(-11).
12
Let g(u) = -u**3 - 4*u**2 - 4998*u - 40243. Give g(-8).
-3
Let q(r) = -r**3 + 58*r**2 - 51*r - 220. What is q(57)?
122
Let r(i) = -38*i + 752. Determine r(51).
-1186
Let c(z) = 146*z + 5788. Give c(-40).
-52
Let z(a) = -a**2 + 128*a + 3972. Give z(154).
-32
Let t(s) = s**3 - 30*s**2 - 35*s + 306. Calculate t(31).
182
Let i(r) = -r**3 + 30*r**2 + 141*r - 146. Calculate i(34).
24
Let x(d) = -6*d**2 - 64*d + 193. Determine x(-10).
233
Let z(m) = -m**3 + 14*m**2 + 193*m - 964. What is z(21)?
2
Let p(r) = r**3 - 11*r**2 + 9*r + 117. Determine p(6).
-9
Let q(j) = -j**3 + 21*j**2 + 114*j - 2682. Determine q(20).
-2
Let b(m) = -m**2 - 8*m + 1. What is b(-10)?
-19
Let n(h) = -h**2 - 73*h + 4366. Give n(-112).
-2
Let q(a) = -61*a - 320. Calculate q(-5).
-15
Let b(r) = -41*r**2 + 441*r + 40. Calculate b(11).
-70
Let i(o) = o**3 - 48*o**2 + 212*o + 77. Calculate i(43).
-52
Let h(l) = l**3 + 5*l**2 + 64*l + 186. Give h(-3).
12
Let r(w) = w**3 + 8*w**2 + w - 19. Give r(-8).
-27
Let v(h) = -3*h**3 + 17*h**2 - 5*h + 13. What is v(6)?
-53
Let w(a) = -a**3 - 54*a**2 + 48*a - 350. Give w(-55).
35
Let d(r) = -5*r**3 + 5*r**2 + 235*r - 694. Determine d(3).
-79
Let o(c) = 43*c + 314. Give o(-8).
-30
Let c(a) = -547*a - 1594. Give c(-3).
47
Let q(r) = -r**2 - 42*r - 126. Give q(-3).
-9
Let h(j) = 52*j**2 - 14*j - 5. Calculate h(-2).
231
Let s(d) = -50*d - 9502. Give s(-190).
-2
Let q(a) = 104*a + 210. Give q(8).
1042
Let a(t) = -26*t + 155. Give a(5).
25
Let h(d) = 134*d + 6977. Calculate h(-52).
9
Let c(u) = -u**2 - 219*u + 1116. Determine c(5).
-4
Let f(m) = m**3 + 2*m**2 + 5*m - 20. What is f(0)?
-20
Let b(z) = -z**3 + 18*z**2 + 39*z - 143. Give b(20).
-163
Let x(g) = -g**3 - 17*g**2 - 23*g + 41. What is x(-15)?
-64
Let c(a) = 36*a**2 + 501*a - 28. Calculate c(-14).
14
Let r(n) = 32*n**3 + 4*n**2 + n - 2. Determine r(1).
35
Let s(l) = -57*l + 2234. What is s(39)?
11
Let h(b) = -b**2 - 70*b - 380. What is h(-64)?
4
Let t(v) = -v**3 - 6*v**2 + 48*v + 317. Give t(-7).
30
Let q(z) = -19*z**2 + 491*z - 493. What is q(1)?
-21
Let q(o) = -5*o**2 - 548*o + 237. Calculate q(-110).
17
Let d(k) = -2*k**3 + 37*k**2 - 46*k - 100. Calculate d(17).
-15
Let v(s) = s**3 - 24*s**2 - 114*s + 18. Determine v(28).
-38
Let s(y) = 72*y + 801. Give s(-11).
9
Let r(p) = 2*p**2 - 590*p - 187001. Determine r(487).
7
Let d(r) = -28*r**2 + 310*r - 30. Determine d(11).
-8
Let w(c) = -30*c + 1597. What is w(53)?
7
Let f(w) = w**3 - 24*w**2 + 3*w - 78. Give f(24).
-6
Let f(q) = -q**3 + 18*q**2 + 3*q + 313. What is f(19)?
9
Let a(l) = -14*l + 175. Calculate a(16).
-49
Let y(o) = o**3 + 3*o**2 + 10*o + 43. Determine y(-4).
-13
Let r(m) = -18*m**2 + 3096*m + 8. Determine r(172).
8
Let y(o) = -10*o + 44. What is y(2)?
24
Let y(a) = 21*a - 1013. Give y(42).
-131
Let n(b) = b**3 - 6*b**2 - 2*b - 6. Determine n(3).
-39
Let f(r) = -r**2 + 249*r - 2134. Determine f(9).
26
Let p(h) = -399*h + 64239. What is p(161)?
0
Let f(s) = 158*s**2 + 3316*s - 10. Calculate f(-21).
32
Let w(q) = 5*q**2 + 133*q + 18. Calculate w(-25).
-182
Let a(m) = -m**3 + 12*m**2 - 10*m + 7. What is a(10)?
107
Let h(a) = -5*a**2 + 1146*a - 19978. Give h(19).
-9
Let z(m) = -16*m + 72. What is z(23)?
-296
Let t(p) = -p**3 + 60*p**2 + 126*p - 83. Give t(62).
41
Let j(v) = 89*v**3 - v**2 - 7*v - 5. What is j(-1)?
-88
Let g(l) = -l**3 + 39*l**2 + 39*l + 66. Determine g(40).
26
Let n(r) = r**2 - 33*r - 156. What is n(-5)?
34
Let v(k) = -k**3 + 24*k**2 - 118*k - 15. Give v(17).
2
Let d(n) = -n**3 - 35*n**2 + 43*n + 272. Give d(-36).
20
Let d(p) = -4*p**2 + 86*p - 410. Give d(14).
10
Let j(r) = -5*r**2 - 150*r - 1093. Give j(-16).
27
Let l(z) = 49*z - 157. Give l(5).
88
Let b(y) = -3*y**2 + 641*y + 3958. Determine b(-6).
4
Let m(o) = -2*o**2 + 82*o - 235. Calculate m(38).
-7
Let f(o) = 7*o**2 + 34*o + 28. Determine f(-6).
76
Let a(l) = 250*l + 41007. Calculate a(-164).
7
Let z(p) = -3*p**2 + 358*p - 469. Give z(118).
3
Let m(s) = 31*s**2 + 12*s + 12. What is m(-1)?
31
Let d(w) = -w**2 - 202*w - 3640. Determine d(-20).
0
Let i(h) = 10*h**3 - 489*h**2 - 51*h + 93. Determine i(49).
-5
Let n(s) = -19*s - 660. Determine n(-36).
24
Let d(p) = -42*p**2 - 111*p + 46. Give d(-3).
1
Let i(t) = -2*t**3 + 81*t**2 - 116*t - 37. What is i(39)?
2
Let p(h) = h**3 + 27*h**2 - 91*h - 38. Calculate p(-30).
-8
Let t(j) = -5*j**3 - 22*j**2 - 17*j + 7. Calculate t(-3).
-5
Let t(m) = -120*m - 4. Calculate t(-3).
356
Let g(u) = u**3 - 18*u**2 + 3*u - 37. What is g(18)?
17
Let w(c) = 8*c**3 - 2*c**2 + c + 3. Determine w(3).
204
Let h(t) = -2*t**3 - 19*t**2 - 16*t - 262. Give h(-10).
-2
Let y(z) = -1619*z - 9730. Give y(-6).
-16
Let b(m) = 30*m**2 - 58*m - 85. What is b(-1)?
3
Let v(q) = 15401*q - 46171. Calculate v(3).
32
Let u(t) = t**3 - 42*t**2 - 60*t + 1033. What is u(43)?
302
Let t(k) = -6*k**2 + 381*k + 905. Give t(66).
-85
Let h(b) = 218*b - 1081. Give h(5).
9
Let o(i) = 8*i**2 + 9*i + 17. What is o(-3)?
62
Let i(w) = w**3 + 8*w**2 + 53*w + 234. Give i(-4).
86
Let q(g) = g**3 - 9*g**2 + 904*g - 8140. What is q(9)?
-4
Let f(v) = -v**3 - 123*v**2 + 4965*v + 776. Give f(-155).
1
Let i(p) = p**3 + 114*p**2 + 2228*p + 261. Calculate i(-89).
-6
Let a(b) = -121*b + 954. Calculate a(8).
-14
Let v(s) = 10*s**3 + 2*s**2 + 5*s +